e -d*n = -8 - 4. Suppose -77 = -n*a - 14. Is a a prime number?
False
Suppose 0*x = x - 5. Suppose 0*u - x*u - i + 36 = 0, 2*u - i - 20 = 0. Suppose -s + 13 = -u. Is s prime?
False
Suppose -2*c + 1416 = 2*q, 2*c - 5 + 3 = 0. Is q a prime number?
False
Suppose 0 = 5*s + 3*p - 760, -3*s - 4*p + 540 - 73 = 0. Is s prime?
True
Suppose 4 = r - 2*r. Is (20/30)/(r/(-114)) a prime number?
True
Let v be 4/(-3 - (-3 + -2)). Is v/(1 - (-70)/(-74)) prime?
True
Let v = 7 - 6. Let w be (3 - 3)*(-1)/v. Suppose w = -4*x + 108 + 160. Is x a composite number?
False
Let s be (-2 + 10/4)*4. Suppose -s*v + 3*v = 2. Suppose -d - 79 = -5*k + v*d, -5*k + 5*d = -85. Is k composite?
True
Let d = 4 - 2. Let q = d + -4. Is ((-12)/16)/(q/16) composite?
True
Let n = -217 - -758. Is n a composite number?
False
Let n be 4 - ((-6)/3)/(-2). Is 355 - 3/n - -1 composite?
True
Let v be 0 + (4*68)/1. Suppose 4*f - 252 = v. Is f composite?
False
Let w(f) = 3 - 1 + 4 + f + 2*f**2. Let z be w(-5). Suppose -k + 30 = r + 4*k, 3*r - z = -2*k. Is r prime?
False
Let i(a) = 2*a**3 - 12*a**2 - 16*a + 12. Let x be i(10). Suppose -4*r + 0*r + x = 4*v, -v = 3*r - 171. Is v prime?
False
Let v(p) = p**3 + 4*p**2 + p - 2. Let f be v(-4). Is (-6)/18 + (-494)/f a composite number?
True
Let s(o) = o**2 + 6*o + 4. Let g = 0 + -6. Let b be s(g). Suppose 0 = 2*n + 5*i - 133, 9*i - 310 = -5*n + b*i. Is n composite?
False
Suppose -5*w + 8 = -w. Let u(x) = 1 + 1 - 11*x + w. Is u(-3) a prime number?
True
Suppose r - 23 = 11. Is r composite?
True
Is 3411/7 + ((-30)/7 - -4) a prime number?
True
Suppose 12 = -0*l + 4*l. Suppose -8*d + 165 = -l*d. Is d prime?
False
Is (-2)/(-1)*(-39)/(-2) a prime number?
False
Let k be (-1 - (-14)/10)*30. Is ((-38)/(-3))/(4/k) a prime number?
False
Let t(q) = 8*q + 1 + 13*q + 4*q. Suppose 3*o - 1 = 5. Is t(o) composite?
True
Is (-2)/(860/(-284) - -3) a composite number?
False
Suppose 2*u + 5519 = 3*v, 3*v - 4563 = -5*u + 991. Is v a prime number?
False
Let g be 4/18 - (-102)/27. Suppose -g*f = 4*a - 12, -5*f = 3*a - f - 7. Let n(h) = h**2 + h + 5. Is n(a) composite?
True
Suppose 10*b - 1 = 9*b. Suppose c - b = 2, 0 = -3*s + 5*c + 522. Is s a prime number?
True
Suppose 11 = 2*b + f, 2*f = -0*b + 2*b + 4. Suppose 6*q - 3*q = 9. Suppose 269 = 3*i + i + b*p, 0 = -q*i + 2*p + 189. Is i prime?
False
Suppose 0 = s + 5*z - 389, 0 = 4*s + 4*z - 1172 - 448. Is s composite?
False
Let i(b) = 41*b**3 + 4*b**2 - 20*b + 3. Is i(4) a composite number?
True
Let v = 12 - 5. Suppose -3*o + 2*i + 1239 = 5*i, 3*i = o - 421. Suppose v*c - o = 2*c. Is c composite?
False
Suppose 4*r = -0*r - 4*c + 720, -3*r + 564 = -5*c. Suppose -r - 81 = 2*p. Let i = p + 197. Is i composite?
True
Suppose -3*q + 2*b - 8 = -6*q, 3*q - 9 = -3*b. Suppose 5*x - 13 - q = 0. Suppose 67 = x*t - 38. Is t prime?
False
Let c = -18 - 45. Let l = -161 + c. Let h = 381 + l. Is h composite?
False
Let r(b) = -b - 2*b - 3*b + 5*b**2 + 0*b - 7. Is r(-6) a prime number?
False
Let z = -731 + 1224. Is z prime?
False
Suppose -2 = 2*v + 2, 135 = y + 5*v. Is y a prime number?
False
Suppose 2*f + 3*b - 2300 = 5669, -3*b = -4*f + 15965. Is f composite?
False
Suppose 154 + 86 = 5*n. Suppose -n = 3*c - 390. Is ((-2)/(-6))/(2/c) prime?
True
Suppose -p + 0*p = -2. Suppose 1 = p*a - 3. Suppose -m - 83 = -a*m. Is m a composite number?
False
Let d = -1 + -1. Let l be ((-4)/5)/(d/5). Suppose 5*n + 0*i = -2*i + 169, 0 = n + l*i - 37. Is n prime?
False
Let f be (-18)/(-3) + 2*-1. Suppose 3*q - 1011 = -2*n, f*q - 1014 = q - n. Suppose -5*u = 3*r - q, 0*r + 452 = 4*r + u. Is r composite?
False
Let r(x) be the third derivative of x**6/20 - x**5/60 + x**4/24 + x**3/6 - 2*x**2. Let m be r(-1). Let k = m - -14. Is k prime?
True
Let i = -8 + -1. Let u = i - -9. Suppose -2*v - 49 = -l, -3*l + 5*v - 4*v + 162 = u. Is l a prime number?
False
Let q be (-28)/(-12)*(-3)/(-1). Suppose 0 = -2*x + 125 - q. Suppose -x = -4*m + 305. Is m a prime number?
False
Suppose -5*c + 33 = -2*c. Suppose 5*i - 582 = 4*h, -4*h + c + 115 = i. Is i composite?
True
Is 3*6287*((-52)/(-12) + -4) a prime number?
True
Suppose -5*u - 4*q + 4251 = 0, -u + 2*q - 3402 = -5*u. Is u a prime number?
False
Let r = 32 - -35. Let d = r - -110. Suppose -j - 2*j = -d. Is j a composite number?
False
Let j(m) = 2 + m**3 - 7 + 2 + 6*m**2. Let r be j(-5). Let i = 12 + r. Is i composite?
True
Let a be (-15)/(-10)*10*1. Let i be 10/a - 1172/(-6). Suppose i = 2*q + 5*j, 6*q - 281 = 3*q - j. Is q composite?
True
Suppose 33 = -5*m - 2*l + 4*l, m - l = -6. Let k(w) = w**2 + 6*w + 4. Is k(m) a prime number?
True
Let g(y) = 261*y - 4. Is g(7) a composite number?
False
Is 249*(-4)/(-12)*1 a composite number?
False
Let n = -1 - -9. Suppose -3*b + n = b. Suppose i = -2*s + 7, b*i - 15 = 2*s + 5. Is i composite?
True
Let p be 5*(4 + (-6)/2). Suppose 3*i = 2*r - 6*r + 147, -5*r + 140 = -p*i. Is r a prime number?
False
Is (4 + (-8710)/(-15))*3/2 a prime number?
True
Suppose 4*k + 1 - 25 = 0. Is 9/k + (-374)/(-4) a prime number?
False
Suppose h - 2 = -h. Is 44 + (h - (-4)/(-2)) a prime number?
True
Suppose -6*i + 978 = -1608. Is i composite?
False
Suppose s = -3*p - 1, -2*s + 6*s - 56 = 3*p. Suppose -3*u + 152 = s. Is u prime?
True
Let u(l) = 7*l**3 + l**2 - l + 1. Let a = 3 - 1. Is u(a) a composite number?
False
Let m = 31 - 19. Suppose -m = -2*h + 2*u, 0 = 2*u - 7*u - 10. Suppose -x + 5 = 0, h*v + 4*x - 38 - 66 = 0. Is v composite?
True
Suppose v - 5 = 4. Let g = v - 14. Is (1 - g)/((-10)/(-35)) composite?
True
Let u = 306 - 102. Suppose -3*s - 3*w + u = 0, 89 + 45 = 2*s + 4*w. Is s a composite number?
True
Let r be (1 - 1) + 1 + 3. Let b = r - 3. Is (b + 14)*(-1 - -2) a prime number?
False
Let w(h) = 6*h**2 - 20*h + 29. Is w(12) a prime number?
True
Suppose 18*h - 541 = 17*h. Is h a prime number?
True
Let o(l) be the third derivative of -l**5/60 + l**4/24 + l**3/2 - 2*l**2. Let b be o(0). Suppose 45 = 3*v - 2*h, -v + 5*h - b*h = -19. Is v prime?
True
Let k(f) = 2*f**2 + 0*f + 2*f + 0 - 5. Suppose 3 + 9 = 2*b. Is k(b) a composite number?
False
Suppose 4*k - 5*q - 15 = 0, 2*k - 2*q - 3 = -q. Suppose k = 3*a - 4*z - 9, 2*a - 6*a = -3*z - 12. Suppose a*u = 36 + 21. Is u composite?
False
Let g(z) = -z**2 - z - 6. Let j(p) be the second derivative of -p**4/6 - p**3/3 - 13*p**2/2 + 2*p. Let l(t) = -5*g(t) + 2*j(t). Is l(-3) a composite number?
True
Let o(q) = 67*q - 2. Is o(1) composite?
True
Let n be 3/15 + 18/10. Let p = 1 + -1. Is 14 - (p + 1 - n) a composite number?
True
Suppose 12*l - 10*l - 3*n - 4985 = 0, 0 = -5*l - 3*n + 12452. Is l composite?
True
Suppose -5 = -4*k + 5*k. Let b be (2/(-5))/(k/325). Is -21*(-3)/(18/b) prime?
False
Let a = -2256 + 4487. Is a prime?
False
Let q(r) = r**3 + 4*r**2 - 7*r - 2. Let c be q(-5). Is (362/c + 1)*4 a composite number?
True
Let i = -8 - -13. Suppose -4*c - 3*m = -2384, i*c - m - 2991 = -2*m. Is c prime?
True
Let d(o) = 23*o**2 - 2*o - 3. Let a = -4 - 0. Is d(a) a prime number?
True
Suppose 2*f + 2*i - 51 - 87 = 0, 5*f = 5*i + 395. Is -1*4/((-8)/f) a composite number?
False
Let x be ((-5)/(-10))/(1/(-314)). Let i = x + 486. Is i composite?
True
Let a be 0 + (-2 - -1) + 3. Suppose 3*s = 4*g + a, g + 0*g + 10 = -4*s. Let x(n) = -20*n**3 - 4*n**2 - 3*n - 1. Is x(g) prime?
True
Suppose 2*d + 3*d - 115 = 0. Is d prime?
True
Let o be (2 - 0)*(-425)/10. Let k = 122 + o. Is k composite?
False
Let s(j) = j**2 - 5*j - 5. Is s(8) prime?
True
Let l = -3 + 7. Suppose 4*j = -5*k + 37, -3*j = -k - l*k + 16. Suppose k*q + 50 = 2*u + 3*u, -2*u = -5*q - 5. Is u prime?
False
Suppose 2*b - 4*s = -b - 74, 4*b + 62 = -2*s. Is (-618)/b - (-1)/(-3) a prime number?
False
Let l(g) = g**2 - 5*g. Let s = -7 - -13. Let c be l(s). Suppose 0 = r - h - 55, -2*r + 5*h = -c*r + 220. Is r composite?
True
Let k = 40 - -49. Is k prime?
True
Let s(r) = -r**3 - 3*r**2 - 5*r - 4. Let c be s(-5). Suppose -m + c = 17. Let q = -17 + m. Is q a prime number?
True
Let g(f) = -2*f**3 + 9*f**2 + 7*f + 5. Let h be g(-7). Let u = h + -430. Is u prime?
True
Let a(o) be the third derivative of -o**5/60 - 11*o**4/24 - o**3/6 + o**2. Let m be (-8)/(-3 + 1 + 3). Is a(m) a prime number?
True
Suppose i = 2*g + 211, 3*i - i + 5*g = 422. Is i composite?
False
Suppose 5*o + 26 = -54. Let u be (2 + -20)/(-2)*-3. Let j = o - u. Is j c